{"id":8175,"date":"2018-02-19T08:56:43","date_gmt":"2018-02-19T06:56:43","guid":{"rendered":"http:\/\/www.cavalieriretail.com\/?p=1217"},"modified":"2025-06-13T09:44:21","modified_gmt":"2025-06-13T09:44:21","slug":"bonetto-tradizione-e-design","status":"publish","type":"cretail","link":"https:\/\/cavalieriretail.com\/en\/cretail\/bonetto-tradizione-e-design\/","title":{"rendered":"Bonetto, tradizione e  design"},"content":{"rendered":"<h6>a cura di Antonio Citterio<\/h6>\n<p>Beniamino Bonetto di origine veneta ultimo di una numerosa famiglia di falegnami, si trasferisce agli inizi negli anni 50 nel distretto produttivo dell&#8217;arredamento brianzolo.<\/p>\n<h5>Si forma sul campo e frequentando scuole professionali di disegno ed ebanisteria.<\/h5>\n<p>All&#8217;inizio degli anni 60 si trasferisce a Chieri per prendere in gestione il negozio di famiglia, trasformandolo da mobilificio a show-room di arredamento. Cambia la linea aziendale introducendo le migliori aziende del design italiano partendo da Flexform, B.B, Zanotta, Flos, Arflex, Cassina, Poltronova e altre, diventando un punto di riferimento per il nord ovest. E&#8217; in quel periodo che Bonetto conosce gli architetti Sergio Jaretti e Elio Luzi ultimi grandi protagonisti della scena architettonica torinese del dopoguerra. E&#8217; dall&#8217;incontro con loro nasce, nel 1967, la Collezione Bonetto.<\/p>\n<p>ll nome Bonetto viene legato ai grandi nomi dei designer torinesi del periodo. Ed \u00e8 in quegli anni che la Collezione \u00e8 apprezzata e scelta dall&#8217;architetto Gi\u00f2 Ponti per essere esposta al 4\u00b0Eurodomus di Torino del 1972, venendo poi pubblicata su riviste come Abitare, Domus e Interni. La Collezione Bonetto inizia quindi a da fare da traino al marchio a livello internazionale, arrivando sino in America ed Hollywood, esposta all&#8217;Ice Palace di Los Angeles.<\/p>\n<p>Ed \u00e8 in quell&#8217;esposizione che Mel Bourne, lo scenografo di Woody Allen per il film Manhattan del 1979 ha scovato uno dei pezzi della collezione, &#8220;La Cambusa&#8221;, per l&#8217;ambientazione degli interni di una delle scene.<\/p>\n<p>I pezzi della Collezione hanno acquisito lo status di &#8220;icone del design&#8221; entrando nelle gallerie di collezionisti e appassionati a livello internazionale. Una Collezione che non smette di stupire, nonostante abbia compiuto 40 anni e si prefigge di evolversi restando un&#8217;icona di stile anni 70 che prende spunto dalla contemporaneit\u00e0 e si arricchisce di nuovi elementi. E&#8217; cos\u00ec che nasce la sedia &#8220;Collaborazione Immaginaria&#8221; in omaggio ai celebri architetti torinesi Carlo Mollino e<\/p>\n<p>Aldo Morbelli.<\/p>\n<p>La Collezione \u00e8 ora stata scelta per arredare, in esposizione permanente, lo storico palazzo Ceriana Mayneri di Torino, sede del Circolo della Stampa e visitabile al pubblico.<\/p>\n<p>Art director dell&#8217;azienda che ha sede a Chieri, in vicolo della Madonnetta 1, \u00e8 Beniamino Bonetto coadiuvato dai figli Federica, Matteo e Giuseppe.<\/p>\n<h5>\u00a0Qui, all\u2019ombra dei palazzi medioevali del centro storico chierese, sedendosi tra i mobili della Collezione, ci si pu\u00f2 fermare per parlare di design e arredamento, mettendo in primo piano che &#8220;il progetto di una casa privata \u00e8 il progetto del sogno di una vita del cliente&#8221;.<\/h5>\n<p><span>Foto di Tirachard Kumtanom: from Pexels<\/span><\/p>\n<p>&nbsp;<\/p>\n","protected":false},"excerpt":{"rendered":"<p>All\u2019ombra dei palazzi medioevali del centro storico chierese, tra i mobili della Collezione, ci si pu\u00f2 fermare per parlare di design e arredamento. Storia e crescita di Bonetto, arredamento made in Italy. <\/p>\n","protected":false},"author":82,"featured_media":14545,"template":"","meta":{"inline_featured_image":false},"categoria_cretail":[721],"tag_cretail":[985],"numeri_cretail":[],"acf":[],"yoast_head":"<!-- This site is optimized with the Yoast SEO plugin v20.11 - https:\/\/yoast.com\/wordpress\/plugins\/seo\/ -->\n<title>Bonetto, tradizione e design - Cavalieri Retail<\/title>\n<meta name=\"description\" content=\"All\u2019ombra dei palazzi medioevali del centro storico chierese, sedendosi tra i mobili della Collezione, ci si pu\u00f2 fermare per parlare di design e arredamento, mettendo in primo piano che &quot;il progetto di una casa privata \u00e8 il progetto del sogno di una vita del cliente&quot;.\" \/>\n<meta name=\"robots\" content=\"index, follow, max-snippet:-1, max-image-preview:large, max-video-preview:-1\" \/>\n<link rel=\"canonical\" href=\"https:\/\/cavalieriretail.com\/en\/cretail\/bonetto-tradizione-e-design\/\" \/>\n<meta property=\"og:locale\" content=\"en_US\" \/>\n<meta property=\"og:type\" content=\"article\" \/>\n<meta property=\"og:title\" content=\"Bonetto, tradizione e design - Cavalieri Retail\" \/>\n<meta property=\"og:description\" content=\"All\u2019ombra dei palazzi medioevali del centro storico chierese, sedendosi tra i mobili della Collezione, ci si pu\u00f2 fermare per parlare di design e arredamento, mettendo in primo piano che &quot;il progetto di una casa privata \u00e8 il progetto del sogno di una vita del cliente&quot;.\" \/>\n<meta property=\"og:url\" content=\"https:\/\/cavalieriretail.com\/en\/cretail\/bonetto-tradizione-e-design\/\" \/>\n<meta property=\"og:site_name\" content=\"Cavalieri Retail\" \/>\n<meta property=\"article:publisher\" content=\"https:\/\/www.facebook.com\/cavalieriretail\" \/>\n<meta property=\"article:modified_time\" content=\"2025-06-13T09:44:21+00:00\" \/>\n<meta property=\"og:image\" content=\"https:\/\/cavalieriretail.com\/wp-content\/uploads\/2018\/02\/pexels-tirachard-kumtanom-112571-347140.jpg\" \/>\n\t<meta property=\"og:image:width\" content=\"1920\" \/>\n\t<meta property=\"og:image:height\" content=\"1280\" \/>\n\t<meta property=\"og:image:type\" content=\"image\/jpeg\" \/>\n<meta name=\"twitter:card\" content=\"summary_large_image\" \/>\n<meta name=\"twitter:label1\" content=\"Est. reading time\" \/>\n\t<meta name=\"twitter:data1\" content=\"3 minutes\" \/>\n<script type=\"application\/ld+json\" class=\"yoast-schema-graph\">{\"@context\":\"https:\/\/schema.org\",\"@graph\":[{\"@type\":\"WebPage\",\"@id\":\"https:\/\/cavalieriretail.com\/en\/cretail\/bonetto-tradizione-e-design\/\",\"url\":\"https:\/\/cavalieriretail.com\/en\/cretail\/bonetto-tradizione-e-design\/\",\"name\":\"Bonetto, tradizione e design - Cavalieri Retail\",\"isPartOf\":{\"@id\":\"https:\/\/cavalieriretail.com\/en\/#website\"},\"datePublished\":\"2018-02-19T06:56:43+00:00\",\"dateModified\":\"2025-06-13T09:44:21+00:00\",\"description\":\"All\u2019ombra dei palazzi medioevali del centro storico chierese, sedendosi tra i mobili della Collezione, ci si pu\u00f2 fermare per parlare di design e arredamento, mettendo in primo piano che \\\"il progetto di una casa privata \u00e8 il progetto del sogno di una vita del cliente\\\".\",\"breadcrumb\":{\"@id\":\"https:\/\/cavalieriretail.com\/en\/cretail\/bonetto-tradizione-e-design\/#breadcrumb\"},\"inLanguage\":\"en-US\",\"potentialAction\":[{\"@type\":\"ReadAction\",\"target\":[\"https:\/\/cavalieriretail.com\/en\/cretail\/bonetto-tradizione-e-design\/\"]}]},{\"@type\":\"BreadcrumbList\",\"@id\":\"https:\/\/cavalieriretail.com\/en\/cretail\/bonetto-tradizione-e-design\/#breadcrumb\",\"itemListElement\":[{\"@type\":\"ListItem\",\"position\":1,\"name\":\"Home\",\"item\":\"https:\/\/cavalieriretail.com\/en\/the-evolution-of-retail\/\"},{\"@type\":\"ListItem\",\"position\":2,\"name\":\"Bonetto, tradizione e design\"}]},{\"@type\":\"WebSite\",\"@id\":\"https:\/\/cavalieriretail.com\/en\/#website\",\"url\":\"https:\/\/cavalieriretail.com\/en\/\",\"name\":\"Cavalieri Retail\",\"description\":\"\",\"publisher\":{\"@id\":\"https:\/\/cavalieriretail.com\/en\/#organization\"},\"potentialAction\":[{\"@type\":\"SearchAction\",\"target\":{\"@type\":\"EntryPoint\",\"urlTemplate\":\"https:\/\/cavalieriretail.com\/en\/?s={search_term_string}\"},\"query-input\":\"required name=search_term_string\"}],\"inLanguage\":\"en-US\"},{\"@type\":\"Organization\",\"@id\":\"https:\/\/cavalieriretail.com\/en\/#organization\",\"name\":\"Cavalieri Retail\",\"url\":\"https:\/\/cavalieriretail.com\/en\/\",\"logo\":{\"@type\":\"ImageObject\",\"inLanguage\":\"en-US\",\"@id\":\"https:\/\/cavalieriretail.com\/en\/#\/schema\/logo\/image\/\",\"url\":\"https:\/\/cavalieriretail.com\/wp-content\/uploads\/2023\/07\/logo-cavalieri.png\",\"contentUrl\":\"https:\/\/cavalieriretail.com\/wp-content\/uploads\/2023\/07\/logo-cavalieri.png\",\"width\":455,\"height\":92,\"caption\":\"Cavalieri Retail\"},\"image\":{\"@id\":\"https:\/\/cavalieriretail.com\/en\/#\/schema\/logo\/image\/\"},\"sameAs\":[\"https:\/\/www.facebook.com\/cavalieriretail\"]}]}<\/script>\n<!-- \/ Yoast SEO plugin. -->","yoast_head_json":{"title":"Bonetto, tradizione e design - Cavalieri Retail","description":"All\u2019ombra dei palazzi medioevali del centro storico chierese, sedendosi tra i mobili della Collezione, ci si pu\u00f2 fermare per parlare di design e arredamento, mettendo in primo piano che \"il progetto di una casa privata \u00e8 il progetto del sogno di una vita del cliente\".","robots":{"index":"index","follow":"follow","max-snippet":"max-snippet:-1","max-image-preview":"max-image-preview:large","max-video-preview":"max-video-preview:-1"},"canonical":"https:\/\/cavalieriretail.com\/en\/cretail\/bonetto-tradizione-e-design\/","og_locale":"en_US","og_type":"article","og_title":"Bonetto, tradizione e design - Cavalieri Retail","og_description":"All\u2019ombra dei palazzi medioevali del centro storico chierese, sedendosi tra i mobili della Collezione, ci si pu\u00f2 fermare per parlare di design e arredamento, mettendo in primo piano che \"il progetto di una casa privata \u00e8 il progetto del sogno di una vita del cliente\".","og_url":"https:\/\/cavalieriretail.com\/en\/cretail\/bonetto-tradizione-e-design\/","og_site_name":"Cavalieri Retail","article_publisher":"https:\/\/www.facebook.com\/cavalieriretail","article_modified_time":"2025-06-13T09:44:21+00:00","og_image":[{"width":1920,"height":1280,"url":"https:\/\/cavalieriretail.com\/wp-content\/uploads\/2018\/02\/pexels-tirachard-kumtanom-112571-347140.jpg","type":"image\/jpeg"}],"twitter_card":"summary_large_image","twitter_misc":{"Est. reading time":"3 minutes"},"schema":{"@context":"https:\/\/schema.org","@graph":[{"@type":"WebPage","@id":"https:\/\/cavalieriretail.com\/en\/cretail\/bonetto-tradizione-e-design\/","url":"https:\/\/cavalieriretail.com\/en\/cretail\/bonetto-tradizione-e-design\/","name":"Bonetto, tradizione e design - Cavalieri Retail","isPartOf":{"@id":"https:\/\/cavalieriretail.com\/en\/#website"},"datePublished":"2018-02-19T06:56:43+00:00","dateModified":"2025-06-13T09:44:21+00:00","description":"All\u2019ombra dei palazzi medioevali del centro storico chierese, sedendosi tra i mobili della Collezione, ci si pu\u00f2 fermare per parlare di design e arredamento, mettendo in primo piano che \"il progetto di una casa privata \u00e8 il progetto del sogno di una vita del cliente\".","breadcrumb":{"@id":"https:\/\/cavalieriretail.com\/en\/cretail\/bonetto-tradizione-e-design\/#breadcrumb"},"inLanguage":"en-US","potentialAction":[{"@type":"ReadAction","target":["https:\/\/cavalieriretail.com\/en\/cretail\/bonetto-tradizione-e-design\/"]}]},{"@type":"BreadcrumbList","@id":"https:\/\/cavalieriretail.com\/en\/cretail\/bonetto-tradizione-e-design\/#breadcrumb","itemListElement":[{"@type":"ListItem","position":1,"name":"Home","item":"https:\/\/cavalieriretail.com\/en\/the-evolution-of-retail\/"},{"@type":"ListItem","position":2,"name":"Bonetto, tradizione e design"}]},{"@type":"WebSite","@id":"https:\/\/cavalieriretail.com\/en\/#website","url":"https:\/\/cavalieriretail.com\/en\/","name":"Cavalieri Retail","description":"","publisher":{"@id":"https:\/\/cavalieriretail.com\/en\/#organization"},"potentialAction":[{"@type":"SearchAction","target":{"@type":"EntryPoint","urlTemplate":"https:\/\/cavalieriretail.com\/en\/?s={search_term_string}"},"query-input":"required name=search_term_string"}],"inLanguage":"en-US"},{"@type":"Organization","@id":"https:\/\/cavalieriretail.com\/en\/#organization","name":"Cavalieri Retail","url":"https:\/\/cavalieriretail.com\/en\/","logo":{"@type":"ImageObject","inLanguage":"en-US","@id":"https:\/\/cavalieriretail.com\/en\/#\/schema\/logo\/image\/","url":"https:\/\/cavalieriretail.com\/wp-content\/uploads\/2023\/07\/logo-cavalieri.png","contentUrl":"https:\/\/cavalieriretail.com\/wp-content\/uploads\/2023\/07\/logo-cavalieri.png","width":455,"height":92,"caption":"Cavalieri Retail"},"image":{"@id":"https:\/\/cavalieriretail.com\/en\/#\/schema\/logo\/image\/"},"sameAs":["https:\/\/www.facebook.com\/cavalieriretail"]}]}},"_links":{"self":[{"href":"https:\/\/cavalieriretail.com\/en\/wp-json\/wp\/v2\/cretail\/8175"}],"collection":[{"href":"https:\/\/cavalieriretail.com\/en\/wp-json\/wp\/v2\/cretail"}],"about":[{"href":"https:\/\/cavalieriretail.com\/en\/wp-json\/wp\/v2\/types\/cretail"}],"author":[{"embeddable":true,"href":"https:\/\/cavalieriretail.com\/en\/wp-json\/wp\/v2\/users\/82"}],"version-history":[{"count":1,"href":"https:\/\/cavalieriretail.com\/en\/wp-json\/wp\/v2\/cretail\/8175\/revisions"}],"predecessor-version":[{"id":14547,"href":"https:\/\/cavalieriretail.com\/en\/wp-json\/wp\/v2\/cretail\/8175\/revisions\/14547"}],"wp:featuredmedia":[{"embeddable":true,"href":"https:\/\/cavalieriretail.com\/en\/wp-json\/wp\/v2\/media\/14545"}],"wp:attachment":[{"href":"https:\/\/cavalieriretail.com\/en\/wp-json\/wp\/v2\/media?parent=8175"}],"wp:term":[{"taxonomy":"categoria_cretail","embeddable":true,"href":"https:\/\/cavalieriretail.com\/en\/wp-json\/wp\/v2\/categoria_cretail?post=8175"},{"taxonomy":"tag_cretail","embeddable":true,"href":"https:\/\/cavalieriretail.com\/en\/wp-json\/wp\/v2\/tag_cretail?post=8175"},{"taxonomy":"numeri_cretail","embeddable":true,"href":"https:\/\/cavalieriretail.com\/en\/wp-json\/wp\/v2\/numeri_cretail?post=8175"}],"curies":[{"name":"wp","href":"https:\/\/api.w.org\/{rel}","templated":true}]}}

<h6>a cura di Antonio Citterio</h6>
<p>Beniamino Bonetto di origine veneta ultimo di una numerosa famiglia di falegnami, si trasferisce agli inizi negli anni 50 nel distretto produttivo dell&#8217;arredamento brianzolo.</p>
<h5>Si forma sul campo e frequentando scuole professionali di disegno ed ebanisteria.</h5>
<p>All&#8217;inizio degli anni 60 si trasferisce a Chieri per prendere in gestione il negozio di famiglia, trasformandolo da mobilificio a show-room di arredamento. Cambia la linea aziendale introducendo le migliori aziende del design italiano partendo da Flexform, B.B, Zanotta, Flos, Arflex, Cassina, Poltronova e altre, diventando un punto di riferimento per il nord ovest. E&#8217; in quel periodo che Bonetto conosce gli architetti Sergio Jaretti e Elio Luzi ultimi grandi protagonisti della scena architettonica torinese del dopoguerra. E&#8217; dall&#8217;incontro con loro nasce, nel 1967, la Collezione Bonetto.</p>
<p>ll nome Bonetto viene legato ai grandi nomi dei designer torinesi del periodo. Ed è in quegli anni che la Collezione è apprezzata e scelta dall&#8217;architetto Giò Ponti per essere esposta al 4°Eurodomus di Torino del 1972, venendo poi pubblicata su riviste come Abitare, Domus e Interni. La Collezione Bonetto inizia quindi a da fare da traino al marchio a livello internazionale, arrivando sino in America ed Hollywood, esposta all&#8217;Ice Palace di Los Angeles.</p>
<p>Ed è in quell&#8217;esposizione che Mel Bourne, lo scenografo di Woody Allen per il film Manhattan del 1979 ha scovato uno dei pezzi della collezione, &#8220;La Cambusa&#8221;, per l&#8217;ambientazione degli interni di una delle scene.</p>
<p>I pezzi della Collezione hanno acquisito lo status di &#8220;icone del design&#8221; entrando nelle gallerie di collezionisti e appassionati a livello internazionale. Una Collezione che non smette di stupire, nonostante abbia compiuto 40 anni e si prefigge di evolversi restando un&#8217;icona di stile anni 70 che prende spunto dalla contemporaneità e si arricchisce di nuovi elementi. E&#8217; così che nasce la sedia &#8220;Collaborazione Immaginaria&#8221; in omaggio ai celebri architetti torinesi Carlo Mollino e</p>
<p>Aldo Morbelli.</p>
<p>La Collezione è ora stata scelta per arredare, in esposizione permanente, lo storico palazzo Ceriana Mayneri di Torino, sede del Circolo della Stampa e visitabile al pubblico.</p>
<p>Art director dell&#8217;azienda che ha sede a Chieri, in vicolo della Madonnetta 1, è Beniamino Bonetto coadiuvato dai figli Federica, Matteo e Giuseppe.</p>
<h5> Qui, all’ombra dei palazzi medioevali del centro storico chierese, sedendosi tra i mobili della Collezione, ci si può fermare per parlare di design e arredamento, mettendo in primo piano che &#8220;il progetto di una casa privata è il progetto del sogno di una vita del cliente&#8221;.</h5>
<p><span>Foto di Tirachard Kumtanom: from Pexels</span></p>
<p>&nbsp;</p>

<p>All’ombra dei palazzi medioevali del centro storico chierese, tra i mobili della Collezione, ci si può fermare per parlare di design e arredamento. Storia e crescita di Bonetto, arredamento made in Italy. </p>

<!-- This site is optimized with the Yoast SEO plugin v20.11 - https://yoast.com/wordpress/plugins/seo/ -->
<title>Bonetto, tradizione e design - Cavalieri Retail</title>
<meta name="description" content="All’ombra dei palazzi medioevali del centro storico chierese, sedendosi tra i mobili della Collezione, ci si può fermare per parlare di design e arredamento, mettendo in primo piano che &quot;il progetto di una casa privata è il progetto del sogno di una vita del cliente&quot;." />
<meta name="robots" content="index, follow, max-snippet:-1, max-image-preview:large, max-video-preview:-1" />
<link rel="canonical" href="https://cavalieriretail.com/en/cretail/bonetto-tradizione-e-design/" />
<meta property="og:locale" content="en_US" />
<meta property="og:type" content="article" />
<meta property="og:title" content="Bonetto, tradizione e design - Cavalieri Retail" />
<meta property="og:description" content="All’ombra dei palazzi medioevali del centro storico chierese, sedendosi tra i mobili della Collezione, ci si può fermare per parlare di design e arredamento, mettendo in primo piano che &quot;il progetto di una casa privata è il progetto del sogno di una vita del cliente&quot;." />
<meta property="og:url" content="https://cavalieriretail.com/en/cretail/bonetto-tradizione-e-design/" />
<meta property="og:site_name" content="Cavalieri Retail" />
<meta property="article:publisher" content="https://www.facebook.com/cavalieriretail" />
<meta property="article:modified_time" content="2025-06-13T09:44:21+00:00" />
<meta property="og:image" content="https://cavalieriretail.com/wp-content/uploads/2018/02/pexels-tirachard-kumtanom-112571-347140.jpg" />
	<meta property="og:image:width" content="1920" />
	<meta property="og:image:height" content="1280" />
	<meta property="og:image:type" content="image/jpeg" />
<meta name="twitter:card" content="summary_large_image" />
<meta name="twitter:label1" content="Est. reading time" />
	<meta name="twitter:data1" content="3 minutes" />
<script type="application/ld+json" class="yoast-schema-graph">{"@context":"https://schema.org","@graph":[{"@type":"WebPage","@id":"https://cavalieriretail.com/en/cretail/bonetto-tradizione-e-design/","url":"https://cavalieriretail.com/en/cretail/bonetto-tradizione-e-design/","name":"Bonetto, tradizione e design - Cavalieri Retail","isPartOf":{"@id":"https://cavalieriretail.com/en/#website"},"datePublished":"2018-02-19T06:56:43+00:00","dateModified":"2025-06-13T09:44:21+00:00","description":"All’ombra dei palazzi medioevali del centro storico chierese, sedendosi tra i mobili della Collezione, ci si può fermare per parlare di design e arredamento, mettendo in primo piano che \"il progetto di una casa privata è il progetto del sogno di una vita del cliente\".","breadcrumb":{"@id":"https://cavalieriretail.com/en/cretail/bonetto-tradizione-e-design/#breadcrumb"},"inLanguage":"en-US","potentialAction":[{"@type":"ReadAction","target":["https://cavalieriretail.com/en/cretail/bonetto-tradizione-e-design/"]}]},{"@type":"BreadcrumbList","@id":"https://cavalieriretail.com/en/cretail/bonetto-tradizione-e-design/#breadcrumb","itemListElement":[{"@type":"ListItem","position":1,"name":"Home","item":"https://cavalieriretail.com/en/the-evolution-of-retail/"},{"@type":"ListItem","position":2,"name":"Bonetto, tradizione e design"}]},{"@type":"WebSite","@id":"https://cavalieriretail.com/en/#website","url":"https://cavalieriretail.com/en/","name":"Cavalieri Retail","description":"","publisher":{"@id":"https://cavalieriretail.com/en/#organization"},"potentialAction":[{"@type":"SearchAction","target":{"@type":"EntryPoint","urlTemplate":"https://cavalieriretail.com/en/?s={search_term_string}"},"query-input":"required name=search_term_string"}],"inLanguage":"en-US"},{"@type":"Organization","@id":"https://cavalieriretail.com/en/#organization","name":"Cavalieri Retail","url":"https://cavalieriretail.com/en/","logo":{"@type":"ImageObject","inLanguage":"en-US","@id":"https://cavalieriretail.com/en/#/schema/logo/image/","url":"https://cavalieriretail.com/wp-content/uploads/2023/07/logo-cavalieri.png","contentUrl":"https://cavalieriretail.com/wp-content/uploads/2023/07/logo-cavalieri.png","width":455,"height":92,"caption":"Cavalieri Retail"},"image":{"@id":"https://cavalieriretail.com/en/#/schema/logo/image/"},"sameAs":["https://www.facebook.com/cavalieriretail"]}]}</script>
<!-- / Yoast SEO plugin. -->

All’ombra dei palazzi medioevali del centro storico chierese, sedendosi tra i mobili della Collezione, ci si può fermare per parlare di design e arredamento, mettendo in primo piano che "il progetto di una casa privata è il progetto del sogno di una vita del cliente".
